00101110011011010 (base 2) in base 3?
-210011222221
1b3842 (base 13) to base 9
1266222
-1889924 (base 11) to base 5
-1304041231
Convert -20432210 (base 5) to base 4.
-221232302
10100111000101110111 (base 2) to base 6
22400315
What is -1856050 (base 9) in base 14?
-1d1573
a8a97 (base 11) to base 13
57118
Convert 94845 (base 14) to base 5.
42431344
What is 74027 (base 10) in base 12?
36a0b
13434013 (base 6) to base 7
3605526
Convert 45655651 (base 7) to base 12.
1409311
What is 2506552 (base 7) in base 6?
10521121
Convert -228071 (base 14) to base 12.
-487857
211121020220 (base 3) to base 13
127653
What is 791268 (base 12) in base 7?
22260260
What is -176a680 (base 12) in base 9?
-10143016
Convert -2466244 (base 8) to base 9.
-1251120
What is -2010010212 (base 3) in base 13?
-15c65
What is 22102022200011 (base 3) in base 2?
10001000100010111111011
What is 24660005 (base 8) in base 13?
11940a0
What is 511545 (base 7) in base 14?
23a25
What is -15024425 (base 7) in base 10?
-1418177
1a9494 (base 15) to base 3
2102220012111
What is 21426006 (base 8) in base 6?
242322410
What is -110120012020221 (base 3) in base 6?
-355033041
120619 (base 10) to base 15
25b14
What is -3085308 (base 10) in base 5?
-1242212213
What is 740e1d (base 15) in base 12?
1a23247
What is -253565 (base 10) in base 8?
-757175
Convert 427f3 (base 16) to base 10.
272371
What is dd7c (base 16) in base 2?
1101110101111100
Convert -131230211110 (base 4) to base 12.
-2735104
-201331223 (base 4) to base 8
-417553
What is -1011001011111010011 (base 2) in base 16?
-597d3
70843 (base 13) to base 9
336154
What is 4498379 (base 12) in base 4?
302020010031
-579766 (base 11) to base 2
-11100000110001000000
Convert 2231330423 (base 5) to base 14.
92b743
What is -10100000111101 (base 2) in base 7?
-42014
52355042 (base 6) to base 9
2772358
Convert -21203020113 (base 4) to base 10.
-2503191
19997 (base 12) to base 5
2201244
Convert 1365aa3 (base 11) to base 3.
11102102022222
102022001 (base 4) to base 6
1332145
-9001a6 (base 13) to base 3
-20021210021122
-101101212200 (base 3) to base 12
-9a5b3
What is 152844 (base 12) in base 5?
42412142
-1770361 (base 8) to base 15
-a4308
Convert -3a97299 (base 11) to base 5.
-3302113004
Convert 41400432 (base 5) to base 16.
53306
What is -494823 (base 11) in base 6?
-24433414
-49690 (base 11) to base 10
-71368
Convert c0d9 (base 15) to base 6.
512240
What is 5323041 (base 6) in base 16?
3f721
Convert -b47c65 (base 13) to base 10.
-4215957
99254 (base 12) to base 4
301130200
16370264 (base 8) to base 12
1331530
What is -c95b0 (base 13) in base 12?
-156431
-131302110221 (base 4) to base 9
-15620865
Convert 12202102002021 (base 3) to base 12.
1036281
What is 3b383a (base 13) in base 4?
11132212022
Convert -1b8984 (base 16) to base 14.
-34d976
What is -10112021010 (base 3) in base 2?
-10000111101000111
What is 204760 (base 12) in base 6?
14501000
20585 (base 9) to base 11
a248
What is -953a1 (base 13) in base 15?
-54917
Convert -31699 (base 12) to base 7.
-360156
Convert -1111011001011 (base 2) to base 13.
-3785
Convert 3422b93 (base 12) to base 5.
10024444103
What is -101110110111100011101 (base 2) in base 15?
-20509d
What is 3e8 (base 15) in base 11?
742
-3112114 (base 7) to base 10
-372901
Convert 11010000100110 (base 2) to base 9.
20273
What is b5afe (base 16) in base 5?
142303230
19621 (base 10) to base 4
10302211
What is -848557 (base 9) in base 8?
-1732135
1f935e (base 16) to base 9
3803538
-110010011110101011 (base 2) to base 15
-413e3
What is -31651053 (base 7) in base 4?
-22103203002
What is -111001111111001010011 (base 2) in base 16?
-1cfe53
What is -101120202022111 (base 3) in base 12?
-1a72a94
Convert -33323333301 (base 4) to base 5.
-2032143110
94cd32 (base 15) to base 11
3aa662a
Convert 6c93d (base 16) to base 10.
444733
Convert -2440123312 (base 5) to base 12.
-1b30516
What is -1a952ac (base 13) in base 11?
-4a76853
Convert 2144431434 (base 5) to base 7.
54556151
Convert -4e37bd (base 15) to base 11.
-21375a0
What is 601024 (base 7) in base 5?
11214303
16c5b (base 16) to base 6
1555455
4004143423 (base 5) to base 4
132010012121
-59ab5c (base 14) to base 8
-13541336
Convert 18c72c5 (base 13) to base 2.
11111000111001001110011
What is -210231202 (base 4) in base 3?
-21122021021
11111 (base 16) to base 13
25a84
What is 11222212220 (base 3) in base 5?
11121311
Convert -3b479 (base 15) to base 10.
-190014
Convert -3990333 (base 10) to base 6.
-221305433
-61633 (base 10) to base 11
-42340
-298006 (base 11) to base 16
-7168d
What is 5345 (base 15) in base 7?
102233
21022123 (base 5) to base 13
60c16
1110210001 (base 3) to base 2
111000101000111
Convert -78966 (base 11) to base 9.
-183705
-866c7 (base 13) to base 6
-5112143
Convert -11101220100210 (base 3) to base 7.
-25615122
Convert 1b179 (base 12) to base 14.
107db
What is 224343433 (base 5) in base 7?
11414340
What is 102111012111112 (base 3) in base 8?
27225214
What is -461746 (base 8) in base 4?
-212033212
-1044132044 (base 5) to base 7
-25555625
Convert -1180254 (base 9) to base 10.
-643189
-223834 (base 10) to base 15
-464c4
Convert 325444114 (base 6) to base 10.
5869198
Convert -200100211022 (base 3) to base 4.
-1120033301
-3503 (base 8) to base 5
-24414
Convert 57957b (base 15) to base 11.
23a7716
-3d232d (base 14) to base 13
-59265a
-33401213 (base 5) to base 15
-5c158
Convert 1001011111100000000 (base 2) to base 9.
523600
-3310022323 (base 4) to base 12
-402937
Convert -603c6a (base 16) to base 2.
-11000000011110001101010
What is -4522045 (base 7) in base 9?
-1043341
Convert -111111000111101011 (base 2) to base 9.
-433575
10113312 (base 6) to base 2
1000110101111101100
Convert -542570 (base 15) to base 12.
-14130a3
What is -8619 (base 15) in base 8?
-67326
What is -47331367 (base 8) in base 3?
-201110001220120
Convert 2234142 (base 5) to base 9.
60677
What is -214a2d (base 14) in base 8?
-4231201
Convert -755735 (base 9) to base 14.
-ba1cc
Convert 1220020222 (base 4) to base 11.
271512
What is 3122560 (base 7) in base 8?
1335351
Convert -10100100000110000 (base 2) to base 8.
-244060
What is 1001000001011110010001 (base 2) in base 13?
64a805
Convert 41044 (base 12) to base 5.
10202344
1020560 (base 9) to base 4
2011003332
What is -923097 (base 12) in base 15?
-302624
1c65d (base 16) to base 5
12210232
What is -4001267 (base 8) in base 6?
-34253423
What is b3925 (base 15) in base 2?
10001010111011100100
What is 20210012200021 (base 3) in base 4?
31300121233
3100d (base 15) to base 16
25e7f
Convert -801ee (base 15) to base 16.
-62fc9
Convert 120310230 (base 6) to base 10.
2264202
Convert 22355152 (base 6) to base 11.
428006
-100110110001010000 (base 2) to base 5
-20040200
3935b0 (base 15) to base 4
22132031031
Convert 7373 (base 15) to base 3.
1020111000
What is -18aa699 (base 12) in base 5?
-2312433021
-1284c6 (base 14) to base 7
-5263536
-1646216 (base 7) to base 2
-111000001101111000
Convert 110414324 (base 5) to base 12.
1b3254
What is a567015 (base 11) in base 12?
629a3b8
What is -145244451 (base 6) in base 10?
-3054415
Convert 4111335 (base 8) to base 5.
234224143
Convert -311670 (base 10) to base 7.
-2435442
Convert -4dd1a9 (base 15) to base 6.
-212054140
-1323135 (base 9) to base 10
-724010
Convert -10110111011100110 (base 2) to base 10.
-93926
Convert -21107200 (base 8) to base 6.
-240144332
Convert 371d1 (base 16) to base 13.
7b9a0
Convert -4435225 (base 6) to base 12.
-a8b15
Convert 1050432 (base 9) to base 5.
121031344
201203433 (base 5) to base 13
221a1a
Convert -1304034414 (base 5) to base 2.
-1100001010110011100000
What is 20cce (base 15) in base 2?
11001011011010000
What is 211010102222112 (base 3) in base 9?
24112875
-33200331 (base 6) to base 12
-4000a7
What is -6a798 (base 11) in base 3?
-12012001212
Convert 11001221020221 (base 3) to base 10.
2163859
Convert 83801 (base 14) to base 7.
2460401
What is -136025364 (base 7) in base 9?
-17747350
Convert -882836 (base 14) to base 4.
-101213031000
Convert -16551273 (base 9) to base 16.
-7ea84e
Convert -4c0cbb (base 16) to base 14.
-93a479
Convert 13631 (base 16) to base 3.
11000221002
Convert -48645 (base 10) to base 11.
-33603
Convert -741ca (base 13) to base 11.
-133076
What is 6579b (base 14) in base 12?
ba251
What is 1031211